{"id":477,"date":"2021-05-21T14:02:19","date_gmt":"2021-05-21T11:02:19","guid":{"rendered":"https:\/\/suylagelensaglik.com\/?page_id=477"},"modified":"2021-05-21T14:03:09","modified_gmt":"2021-05-21T11:03:09","slug":"test","status":"publish","type":"page","link":"https:\/\/suylagelensaglik.com\/index.php\/test\/","title":{"rendered":"test"},"content":{"rendered":"<section class=\"wpb-content-wrapper\"><p>[vc_row el_class=&#8221;padtop80&#8243;][vc_column][vc_row_inner][vc_column_inner width=&#8221;1\/2&#8243;]<div class=\"section-title \"><div class=\"\"><h3 class=\"section-title-text\">EKOLOJ\u0130<\/h3><p class=\"subtitle\"><\/p><\/div><\/div>[vc_column_text]Pure Health Su Ar\u0131tma Sistemleri \u00e7al\u0131\u015fanlar\u0131 olarak bizler, d\u00fcnyam\u0131z\u0131n s\u0131n\u0131rl\u0131 su kaynaklar\u0131n\u0131 dolay\u0131s\u0131yla, do\u011fay\u0131 korumak i\u00e7in \u00fcst\u00fcm\u00fcze d\u00fc\u015fen \u00f6nemli g\u00f6revin bilincindeyiz.<\/p>\n<p>Bu fark\u0131ndal\u0131kla t\u00fcm d\u00fcnyan\u0131n en temel ortak de\u011feri olan suyumuzun ve di\u011fer do\u011fal kaynaklar\u0131n korunmas\u0131na olumlu katk\u0131 yapan \u00fcr\u00fcnleri, t\u00fcketicilerin hizmetine sunmaktan b\u00fcy\u00fck bir gurur duyuyoruz.[\/vc_column_text][\/vc_column_inner][\/vc_row_inner][\/vc_column][\/vc_row][vc_row el_class=&#8221;padtop80&#8243;][vc_column][vc_row_inner][vc_column_inner width=&#8221;1\/2&#8243;][vc_single_image image=&#8221;436&#8243; img_size=&#8221;full&#8221;][\/vc_column_inner][vc_column_inner width=&#8221;1\/2&#8243;]<div class=\"section-title \"><div class=\"\"><h3 class=\"section-title-text\">SA\u011eLIK<\/h3><p class=\"subtitle\"><\/p><\/div><\/div>[vc_column_text]Pure Health Su Ar\u0131tma Sistemleri \u00e7al\u0131\u015fanlar\u0131 olarak bizler, sizin ve sevdiklerinizin sa\u011fl\u0131\u011f\u0131n\u0131n sizler i\u00e7in ne kadar \u00f6nemli oldu\u011funun fark\u0131nday\u0131z.<\/p>\n<p>B\u0131rak\u0131n i\u00e7meyi, kullanman\u0131z bile sa\u011fl\u0131\u011f\u0131n\u0131z i\u00e7in tehlike olu\u015fturan musluk sular\u0131n\u0131zdan uzak durmaya \u00e7al\u0131\u015ft\u0131\u011f\u0131n\u0131z\u0131 ve bunun i\u00e7in kayna\u011f\u0131 ve dolum \u015fartlar\u0131n\u0131 bilemedi\u011finiz haz\u0131r \u015fi\u015felenmi\u015f sular\u0131 almak zorunda kald\u0131\u011f\u0131n\u0131z\u0131n bilinciyle sizlere sa\u011fl\u0131\u011f\u0131n\u0131z i\u00e7in kendi evinizin \u015fartlar\u0131nda el de\u011fmeden ar\u0131t\u0131lm\u0131\u015f, sa\u011fl\u0131kl\u0131 ve kaliteli su sunman\u0131n mutlulu\u011funu ya\u015f\u0131yoruz[\/vc_column_text][\/vc_column_inner][\/vc_row_inner][\/vc_column][\/vc_row][vc_row el_class=&#8221;padtop80&#8243;][vc_column][\/vc_column][\/vc_row][vc_row el_class=&#8221;padtop80&#8243;][vc_column][vc_row_inner][vc_column_inner width=&#8221;1\/2&#8243;]<div class=\"section-title \"><div class=\"\"><h3 class=\"section-title-text\">KONFOR<\/h3><p class=\"subtitle\"><\/p><\/div><\/div>[vc_column_text]D\u00fcnyam\u0131z\u0131n ekolojik sistemine sa\u011flad\u0131klar\u0131 faydalar ve ekonomik faydalar\u0131n\u0131n yan\u0131 s\u0131ra, \u00fcr\u00fcnlerimiz ayr\u0131ca kullan\u0131c\u0131n\u0131n konforuna da katk\u0131 sa\u011fl\u0131yor.<\/p>\n<p>\u00dcr\u00fcnlerimize sahip olduktan sonra, art\u0131k evinize su ta\u015f\u0131man\u0131n t\u00fcm zahmetlerinden kurtuluyorsunuz. \u00dcr\u00fcnlerimizin tamam\u0131 sizlerin kaliteli, sa\u011fl\u0131k ve temiz suya kendi evinizin konforunda, s\u00fcrekli olarak ula\u015fman\u0131z\u0131 sa\u011flamaya y\u00f6nelik hizmet ediyor.[\/vc_column_text][\/vc_column_inner][vc_column_inner width=&#8221;1\/2&#8243;][vc_single_image image=&#8221;438&#8243; img_size=&#8221;full&#8221;][\/vc_column_inner][\/vc_row_inner][\/vc_column][\/vc_row][vc_section full_width=&#8221;stretch_row_content&#8221; css=&#8221;.vc_custom_1499280307970{margin-top: 0px !important;padding-top: 0px !important;background-color: #474747 !important;background-position: 0 0 !important;background-repeat: repeat !important;}&#8221;][vc_row el_class=&#8221;white-text&#8221;][vc_column width=&#8221;1\/2&#8243;][vc_single_image image=&#8221;441&#8243; img_size=&#8221;full&#8221; css=&#8221;.vc_custom_1621422007126{margin-bottom: 0px !important;padding-bottom: 0px !important;}&#8221;][\/vc_column][vc_column width=&#8221;1\/2&#8243; el_class=&#8221;padtop80 padbottom40&#8243;]<div class=\"section-title \"><div class=\"\"><h3 class=\"section-title-text\">B\u0130Z B\u0130R A\u0130LEY\u0130Z<\/h3><p class=\"subtitle\"><\/p><\/div><\/div>[vc_column_text]\u00dcr\u00fcnlerimize sahip oldu\u011funuz zaman, Pure Health ailesinin bir par\u00e7as\u0131 oluyorsunuz.<\/p>\n<p>Bu andan itibaren t\u00fcm filtre takipleriniz ve olas\u0131 \u00fcr\u00fcn g\u00fcncellemeleriniz uzman ekibimiz taraf\u0131ndan takip edilerek sizlerle payla\u015f\u0131l\u0131yor.<\/p>\n<p>Pure Health ailesi olarak hedefimiz \u00e7ok basit. Herhangi bir i\u015fi, yapm\u0131\u015f olmak i\u00e7in de\u011fil, do\u011fru i\u015fi, iyi yapmay\u0131 hedefliyoruz.[\/vc_column_text][vc_column_text]\u00dcr\u00fcnlerimizden detayl\u0131 bilgi almak i\u00e7in bizimle ileti\u015fime ge\u00e7ebilirsiniz.[\/vc_column_text]<div class=\"button-wrap \"><a href=\"\" class=\"btn btn-default hvr-sweep-to-right\" target=\"_self\">\u0130LET\u0130\u015e\u0130ME GE\u00c7<\/a><\/div>[\/vc_column][\/vc_row][\/vc_section]<\/p>\n<\/section>","protected":false},"excerpt":{"rendered":"<p>[vc_row el_class=&#8221;padtop80&#8243;][vc_column][vc_row_inner][vc_column_inner width=&#8221;1\/2&#8243;][vc_column_text]Pure Health Su Ar\u0131tma Sistemleri \u00e7al\u0131\u015fanlar\u0131 olarak bizler, d\u00fcnyam\u0131z\u0131n s\u0131n\u0131rl\u0131 su kaynaklar\u0131n\u0131 dolay\u0131s\u0131yla, do\u011fay\u0131 korumak i\u00e7in \u00fcst\u00fcm\u00fcze d\u00fc\u015fen \u00f6nemli g\u00f6revin bilincindeyiz. Bu fark\u0131ndal\u0131kla t\u00fcm d\u00fcnyan\u0131n en temel ortak de\u011feri olan suyumuzun ve di\u011fer do\u011fal kaynaklar\u0131n korunmas\u0131na olumlu katk\u0131 yapan \u00fcr\u00fcnleri, t\u00fcketicilerin hizmetine sunmaktan b\u00fcy\u00fck bir gurur duyuyoruz.[\/vc_column_text][\/vc_column_inner][\/vc_row_inner][\/vc_column][\/vc_row][vc_row el_class=&#8221;padtop80&#8243;][vc_column][vc_row_inner][vc_column_inner width=&#8221;1\/2&#8243;][vc_single_image image=&#8221;436&#8243; img_size=&#8221;full&#8221;][\/vc_column_inner][vc_column_inner width=&#8221;1\/2&#8243;][vc_column_text]Pure Health &#8230;<\/p>\n","protected":false},"author":1,"featured_media":0,"parent":0,"menu_order":0,"comment_status":"closed","ping_status":"closed","template":"fullwidthpage-template.php","meta":{"footnotes":""},"class_list":["post-477","page","type-page","status-publish","hentry"],"yoast_head":"<!-- This site is optimized with the Yoast SEO Premium plugin v20.5 (Yoast SEO v27.0) - https:\/\/yoast.com\/product\/yoast-seo-premium-wordpress\/ -->\n<title>test | Pure Health Suyla Gelen Sa\u011fl\u0131k<\/title>\n<meta name=\"robots\" content=\"index, follow, max-snippet:-1, max-image-preview:large, max-video-preview:-1\" \/>\n<link rel=\"canonical\" href=\"https:\/\/suylagelensaglik.com\/index.php\/test\/\" \/>\n<meta property=\"og:locale\" content=\"tr_TR\" \/>\n<meta property=\"og:type\" content=\"article\" \/>\n<meta property=\"og:title\" content=\"test\" \/>\n<meta property=\"og:description\" content=\"[vc_row el_class=&#8221;padtop80&#8243;][vc_column][vc_row_inner][vc_column_inner width=&#8221;1\/2&#8243;][vc_column_text]Pure Health Su Ar\u0131tma Sistemleri \u00e7al\u0131\u015fanlar\u0131 olarak bizler, d\u00fcnyam\u0131z\u0131n s\u0131n\u0131rl\u0131 su kaynaklar\u0131n\u0131 dolay\u0131s\u0131yla, do\u011fay\u0131 korumak i\u00e7in \u00fcst\u00fcm\u00fcze d\u00fc\u015fen \u00f6nemli g\u00f6revin bilincindeyiz. Bu fark\u0131ndal\u0131kla t\u00fcm d\u00fcnyan\u0131n en temel ortak de\u011feri olan suyumuzun ve di\u011fer do\u011fal kaynaklar\u0131n korunmas\u0131na olumlu katk\u0131 yapan \u00fcr\u00fcnleri, t\u00fcketicilerin hizmetine sunmaktan b\u00fcy\u00fck bir gurur duyuyoruz.[\/vc_column_text][\/vc_column_inner][\/vc_row_inner][\/vc_column][\/vc_row][vc_row el_class=&#8221;padtop80&#8243;][vc_column][vc_row_inner][vc_column_inner width=&#8221;1\/2&#8243;][vc_single_image image=&#8221;436&#8243; img_size=&#8221;full&#8221;][\/vc_column_inner][vc_column_inner width=&#8221;1\/2&#8243;][vc_column_text]Pure Health ...\" \/>\n<meta property=\"og:url\" content=\"https:\/\/suylagelensaglik.com\/index.php\/test\/\" \/>\n<meta property=\"og:site_name\" content=\"Pure Health Suyla Gelen Sa\u011fl\u0131k\" \/>\n<meta property=\"article:publisher\" content=\"https:\/\/www.facebook.com\/pure_health_official\" \/>\n<meta property=\"article:modified_time\" content=\"2021-05-21T11:03:09+00:00\" \/>\n<meta name=\"twitter:card\" content=\"summary_large_image\" \/>\n<meta name=\"twitter:label1\" content=\"Tahmini okuma s\u00fcresi\" \/>\n\t<meta name=\"twitter:data1\" content=\"3 dakika\" \/>\n<script type=\"application\/ld+json\" class=\"yoast-schema-graph\">{\"@context\":\"https:\/\/schema.org\",\"@graph\":[{\"@type\":\"WebPage\",\"@id\":\"https:\/\/suylagelensaglik.com\/index.php\/test\/\",\"url\":\"https:\/\/suylagelensaglik.com\/index.php\/test\/\",\"name\":\"test | Pure Health Suyla Gelen Sa\u011fl\u0131k\",\"isPartOf\":{\"@id\":\"https:\/\/www.suylagelensaglik.com\/#website\"},\"datePublished\":\"2021-05-21T11:02:19+00:00\",\"dateModified\":\"2021-05-21T11:03:09+00:00\",\"breadcrumb\":{\"@id\":\"https:\/\/suylagelensaglik.com\/index.php\/test\/#breadcrumb\"},\"inLanguage\":\"tr\",\"potentialAction\":[{\"@type\":\"ReadAction\",\"target\":[\"https:\/\/suylagelensaglik.com\/index.php\/test\/\"]}]},{\"@type\":\"BreadcrumbList\",\"@id\":\"https:\/\/suylagelensaglik.com\/index.php\/test\/#breadcrumb\",\"itemListElement\":[{\"@type\":\"ListItem\",\"position\":1,\"name\":\"Home\",\"item\":\"https:\/\/www.suylagelensaglik.com\/\"},{\"@type\":\"ListItem\",\"position\":2,\"name\":\"test\"}]},{\"@type\":\"WebSite\",\"@id\":\"https:\/\/www.suylagelensaglik.com\/#website\",\"url\":\"https:\/\/www.suylagelensaglik.com\/\",\"name\":\"Pure Health Suyla Gelen Sa\u011fl\u0131k\",\"description\":\"El De\u011fmemi\u015f, Sa\u011fl\u0131kl\u0131 Su\",\"publisher\":{\"@id\":\"https:\/\/www.suylagelensaglik.com\/#organization\"},\"potentialAction\":[{\"@type\":\"SearchAction\",\"target\":{\"@type\":\"EntryPoint\",\"urlTemplate\":\"https:\/\/www.suylagelensaglik.com\/?s={search_term_string}\"},\"query-input\":{\"@type\":\"PropertyValueSpecification\",\"valueRequired\":true,\"valueName\":\"search_term_string\"}}],\"inLanguage\":\"tr\"},{\"@type\":\"Organization\",\"@id\":\"https:\/\/www.suylagelensaglik.com\/#organization\",\"name\":\"SUYLA GELEN SA\u011eLIK\",\"url\":\"https:\/\/www.suylagelensaglik.com\/\",\"logo\":{\"@type\":\"ImageObject\",\"inLanguage\":\"tr\",\"@id\":\"https:\/\/www.suylagelensaglik.com\/#\/schema\/logo\/image\/\",\"url\":\"https:\/\/suylagelensaglik.com\/wp-content\/uploads\/2021\/05\/Miato3.jpg\",\"contentUrl\":\"https:\/\/suylagelensaglik.com\/wp-content\/uploads\/2021\/05\/Miato3.jpg\",\"width\":1024,\"height\":682,\"caption\":\"SUYLA GELEN SA\u011eLIK\"},\"image\":{\"@id\":\"https:\/\/www.suylagelensaglik.com\/#\/schema\/logo\/image\/\"},\"sameAs\":[\"https:\/\/www.facebook.com\/pure_health_official\"]}]}<\/script>\n<!-- \/ Yoast SEO Premium plugin. -->","yoast_head_json":{"title":"test | Pure Health Suyla Gelen Sa\u011fl\u0131k","robots":{"index":"index","follow":"follow","max-snippet":"max-snippet:-1","max-image-preview":"max-image-preview:large","max-video-preview":"max-video-preview:-1"},"canonical":"https:\/\/suylagelensaglik.com\/index.php\/test\/","og_locale":"tr_TR","og_type":"article","og_title":"test","og_description":"[vc_row el_class=&#8221;padtop80&#8243;][vc_column][vc_row_inner][vc_column_inner width=&#8221;1\/2&#8243;][vc_column_text]Pure Health Su Ar\u0131tma Sistemleri \u00e7al\u0131\u015fanlar\u0131 olarak bizler, d\u00fcnyam\u0131z\u0131n s\u0131n\u0131rl\u0131 su kaynaklar\u0131n\u0131 dolay\u0131s\u0131yla, do\u011fay\u0131 korumak i\u00e7in \u00fcst\u00fcm\u00fcze d\u00fc\u015fen \u00f6nemli g\u00f6revin bilincindeyiz. Bu fark\u0131ndal\u0131kla t\u00fcm d\u00fcnyan\u0131n en temel ortak de\u011feri olan suyumuzun ve di\u011fer do\u011fal kaynaklar\u0131n korunmas\u0131na olumlu katk\u0131 yapan \u00fcr\u00fcnleri, t\u00fcketicilerin hizmetine sunmaktan b\u00fcy\u00fck bir gurur duyuyoruz.[\/vc_column_text][\/vc_column_inner][\/vc_row_inner][\/vc_column][\/vc_row][vc_row el_class=&#8221;padtop80&#8243;][vc_column][vc_row_inner][vc_column_inner width=&#8221;1\/2&#8243;][vc_single_image image=&#8221;436&#8243; img_size=&#8221;full&#8221;][\/vc_column_inner][vc_column_inner width=&#8221;1\/2&#8243;][vc_column_text]Pure Health ...","og_url":"https:\/\/suylagelensaglik.com\/index.php\/test\/","og_site_name":"Pure Health Suyla Gelen Sa\u011fl\u0131k","article_publisher":"https:\/\/www.facebook.com\/pure_health_official","article_modified_time":"2021-05-21T11:03:09+00:00","twitter_card":"summary_large_image","twitter_misc":{"Tahmini okuma s\u00fcresi":"3 dakika"},"schema":{"@context":"https:\/\/schema.org","@graph":[{"@type":"WebPage","@id":"https:\/\/suylagelensaglik.com\/index.php\/test\/","url":"https:\/\/suylagelensaglik.com\/index.php\/test\/","name":"test | Pure Health Suyla Gelen Sa\u011fl\u0131k","isPartOf":{"@id":"https:\/\/www.suylagelensaglik.com\/#website"},"datePublished":"2021-05-21T11:02:19+00:00","dateModified":"2021-05-21T11:03:09+00:00","breadcrumb":{"@id":"https:\/\/suylagelensaglik.com\/index.php\/test\/#breadcrumb"},"inLanguage":"tr","potentialAction":[{"@type":"ReadAction","target":["https:\/\/suylagelensaglik.com\/index.php\/test\/"]}]},{"@type":"BreadcrumbList","@id":"https:\/\/suylagelensaglik.com\/index.php\/test\/#breadcrumb","itemListElement":[{"@type":"ListItem","position":1,"name":"Home","item":"https:\/\/www.suylagelensaglik.com\/"},{"@type":"ListItem","position":2,"name":"test"}]},{"@type":"WebSite","@id":"https:\/\/www.suylagelensaglik.com\/#website","url":"https:\/\/www.suylagelensaglik.com\/","name":"Pure Health Suyla Gelen Sa\u011fl\u0131k","description":"El De\u011fmemi\u015f, Sa\u011fl\u0131kl\u0131 Su","publisher":{"@id":"https:\/\/www.suylagelensaglik.com\/#organization"},"potentialAction":[{"@type":"SearchAction","target":{"@type":"EntryPoint","urlTemplate":"https:\/\/www.suylagelensaglik.com\/?s={search_term_string}"},"query-input":{"@type":"PropertyValueSpecification","valueRequired":true,"valueName":"search_term_string"}}],"inLanguage":"tr"},{"@type":"Organization","@id":"https:\/\/www.suylagelensaglik.com\/#organization","name":"SUYLA GELEN SA\u011eLIK","url":"https:\/\/www.suylagelensaglik.com\/","logo":{"@type":"ImageObject","inLanguage":"tr","@id":"https:\/\/www.suylagelensaglik.com\/#\/schema\/logo\/image\/","url":"https:\/\/suylagelensaglik.com\/wp-content\/uploads\/2021\/05\/Miato3.jpg","contentUrl":"https:\/\/suylagelensaglik.com\/wp-content\/uploads\/2021\/05\/Miato3.jpg","width":1024,"height":682,"caption":"SUYLA GELEN SA\u011eLIK"},"image":{"@id":"https:\/\/www.suylagelensaglik.com\/#\/schema\/logo\/image\/"},"sameAs":["https:\/\/www.facebook.com\/pure_health_official"]}]}},"_links":{"self":[{"href":"https:\/\/suylagelensaglik.com\/index.php\/wp-json\/wp\/v2\/pages\/477","targetHints":{"allow":["GET"]}}],"collection":[{"href":"https:\/\/suylagelensaglik.com\/index.php\/wp-json\/wp\/v2\/pages"}],"about":[{"href":"https:\/\/suylagelensaglik.com\/index.php\/wp-json\/wp\/v2\/types\/page"}],"author":[{"embeddable":true,"href":"https:\/\/suylagelensaglik.com\/index.php\/wp-json\/wp\/v2\/users\/1"}],"replies":[{"embeddable":true,"href":"https:\/\/suylagelensaglik.com\/index.php\/wp-json\/wp\/v2\/comments?post=477"}],"version-history":[{"count":3,"href":"https:\/\/suylagelensaglik.com\/index.php\/wp-json\/wp\/v2\/pages\/477\/revisions"}],"predecessor-version":[{"id":480,"href":"https:\/\/suylagelensaglik.com\/index.php\/wp-json\/wp\/v2\/pages\/477\/revisions\/480"}],"wp:attachment":[{"href":"https:\/\/suylagelensaglik.com\/index.php\/wp-json\/wp\/v2\/media?parent=477"}],"curies":[{"name":"wp","href":"https:\/\/api.w.org\/{rel}","templated":true}]}}