{"id":538,"date":"2021-05-21T20:33:01","date_gmt":"2021-05-21T17:33:01","guid":{"rendered":"https:\/\/suylagelensaglik.com\/?page_id=538"},"modified":"2021-06-24T03:00:59","modified_gmt":"2021-06-24T00:00:59","slug":"pure-health-silifoz-filtre","status":"publish","type":"page","link":"https:\/\/suylagelensaglik.com\/index.php\/pure-health-silifoz-filtre\/","title":{"rendered":"Pure Health Silifoz Filtre"},"content":{"rendered":"\n<p>\u00c7ama\u015f\u0131r ve bula\u015f\u0131k makinelerinizi sudaki kire\u00e7ten korumak art\u0131k \u00e7ok kolay. Pure Health Silifoz filtrenizin bir ucunu \u00e7ama\u015f\u0131r ve bula\u015f\u0131k makinenizin musluklar\u0131na di\u011fer ucunu makinelerinizin temiz su hortumlar\u0131na ba\u011flayarak kire\u00e7 sorunundan kurtulabilirsiniz. Pure Health Silifoz Kire\u00e7 \u00f6nleyici filtreniz art\u0131k her y\u0131kaman\u0131zda sizin i\u00e7in \u00e7al\u0131\u015f\u0131yor olacak.<\/p>\n\n\n\n<p>\u00dcr\u00fcn\u00fcm\u00fcz sizlere kullan\u0131ma ve montaja haz\u0131r halde kutulu olarak gelir. Tek yapman\u0131z gereken silifoz filtrenizi \u00e7ama\u015f\u0131r ve bula\u015f\u0131k makinesinin musluklar\u0131na takmak ve temiz su giri\u015f hortumlar\u0131n\u0131 ba\u011flamak. Filtreniz kullan\u0131ma haz\u0131r.<\/p>\n\n\n\n<h2 class=\"wp-block-heading\" id=\"h-pure-health-silifoz-filtre-nedir-ne-i-e-yarar\"><strong>Pure Health Silifoz Filtre nedir? Ne i\u015fe yarar?<\/strong><\/h2>\n\n\n\n<p>Pure Health Silifoz Filtre kire\u00e7li sular\u0131n etkisi ile \u00e7ama\u015f\u0131r ve bula\u015f\u0131k makinenizde olu\u015fabilecek zaralar\u0131 \u00f6nlemek i\u00e7in piyasada sat\u0131lan y\u00fcksek maliyetli kire\u00e7 \u00f6nleyici kimyasallar yerine kullan\u0131labilecek, daha etkili ve daha ekonomik bir kire\u00e7 \u00f6nleme filtresidir.<\/p>\n\n\n\n<p>Filtre kab\u0131 i\u00e7erisinde bulunan silifoz (Polifosfat) kristalleri su i\u00e7erisinde bulunan kire\u00e7 yap\u0131c\u0131 Ca (kalsiyum) ve Mg (magnezyum) iyonlar\u0131n\u0131n \u00e7ama\u015f\u0131r ve bula\u015f\u0131k makinalar\u0131n\u0131z\u0131n y\u00fczeylerin \u00fczerinde tutunmas\u0131n\u0131 ve birikmesini engeller.<\/p>\n\n\n\n<p>Deterjanlarla birlikte kullan\u0131lan di\u011fer kire\u00e7 \u00f6nleyicileri kullanman\u0131za gerek kalmaz.<\/p>\n\n\n\n<p>Sizi kire\u00e7 \u00f6nleyici kullanma masraf\u0131ndan kurtar\u0131r.<\/p>\n\n\n\n<p>Deterjan, yumu\u015fat\u0131c\u0131, parlat\u0131c\u0131 gibi temizlik malzemelerinden tasarruf sa\u011flar.<\/p>\n\n\n\n<p>\u00c7ama\u015f\u0131rlar\u0131n\u0131zda grile\u015fme, sararma ve sertle\u015fmeler ortadan kalkar.<\/p>\n","protected":false},"excerpt":{"rendered":"<p>\u00c7ama\u015f\u0131r ve bula\u015f\u0131k makinelerinizi sudaki kire\u00e7ten korumak art\u0131k \u00e7ok kolay. Pure Health Silifoz filtrenizin bir ucunu \u00e7ama\u015f\u0131r ve bula\u015f\u0131k makinenizin musluklar\u0131na di\u011fer ucunu makinelerinizin temiz su hortumlar\u0131na ba\u011flayarak kire\u00e7 sorunundan kurtulabilirsiniz. Pure Health Silifoz Kire\u00e7 \u00f6nleyici filtreniz art\u0131k her y\u0131kaman\u0131zda sizin i\u00e7in \u00e7al\u0131\u015f\u0131yor olacak. \u00dcr\u00fcn\u00fcm\u00fcz sizlere kullan\u0131ma ve montaja haz\u0131r halde kutulu olarak gelir. Tek &#8230;<\/p>\n","protected":false},"author":1,"featured_media":851,"parent":0,"menu_order":0,"comment_status":"closed","ping_status":"closed","template":"","meta":{"footnotes":""},"class_list":["post-538","page","type-page","status-publish","has-post-thumbnail","hentry"],"yoast_head":"<!-- This site is optimized with the Yoast SEO Premium plugin v20.5 (Yoast SEO v27.0) - https:\/\/yoast.com\/product\/yoast-seo-premium-wordpress\/ -->\n<title>Pure Health Silifoz Filtre | Pure Health Suyla Gelen Sa\u011fl\u0131k<\/title>\n<meta name=\"description\" content=\"\u00c7ama\u015f\u0131r ve Bula\u015f\u0131k makineleri i\u00e7in ekonomik kire\u00e7 \u00f6nleyici pure health silifoz filtre. Makinelerinizi kire\u00e7ten koruman\u0131n en ekonomik yolu.\" \/>\n<meta name=\"robots\" content=\"index, follow, max-snippet:-1, max-image-preview:large, max-video-preview:-1\" \/>\n<link rel=\"canonical\" href=\"https:\/\/suylagelensaglik.com\/index.php\/pure-health-silifoz-filtre\/\" \/>\n<meta property=\"og:locale\" content=\"tr_TR\" \/>\n<meta property=\"og:type\" content=\"article\" \/>\n<meta property=\"og:title\" content=\"Pure Health Silifoz Filtre\" \/>\n<meta property=\"og:description\" content=\"\u00c7ama\u015f\u0131r ve Bula\u015f\u0131k makineleri i\u00e7in ekonomik kire\u00e7 \u00f6nleyici pure health silifoz filtre. Makinelerinizi kire\u00e7ten koruman\u0131n en ekonomik yolu.\" \/>\n<meta property=\"og:url\" content=\"https:\/\/suylagelensaglik.com\/index.php\/pure-health-silifoz-filtre\/\" \/>\n<meta property=\"og:site_name\" content=\"Pure Health Suyla Gelen Sa\u011fl\u0131k\" \/>\n<meta property=\"article:publisher\" content=\"https:\/\/www.facebook.com\/pure_health_official\" \/>\n<meta property=\"article:modified_time\" content=\"2021-06-24T00:00:59+00:00\" \/>\n<meta property=\"og:image\" content=\"https:\/\/suylagelensaglik.com\/wp-content\/uploads\/2021\/06\/20210623_165836-1.jpg\" \/>\n\t<meta property=\"og:image:width\" content=\"524\" \/>\n\t<meta property=\"og:image:height\" content=\"478\" \/>\n\t<meta property=\"og:image:type\" content=\"image\/jpeg\" \/>\n<meta name=\"twitter:card\" content=\"summary_large_image\" \/>\n<meta name=\"twitter:label1\" content=\"Tahmini okuma s\u00fcresi\" \/>\n\t<meta name=\"twitter:data1\" content=\"1 dakika\" \/>\n<script type=\"application\/ld+json\" class=\"yoast-schema-graph\">{\"@context\":\"https:\/\/schema.org\",\"@graph\":[{\"@type\":\"WebPage\",\"@id\":\"https:\/\/suylagelensaglik.com\/index.php\/pure-health-silifoz-filtre\/\",\"url\":\"https:\/\/suylagelensaglik.com\/index.php\/pure-health-silifoz-filtre\/\",\"name\":\"Pure Health Silifoz Filtre | Pure Health Suyla Gelen Sa\u011fl\u0131k\",\"isPartOf\":{\"@id\":\"https:\/\/www.suylagelensaglik.com\/#website\"},\"primaryImageOfPage\":{\"@id\":\"https:\/\/suylagelensaglik.com\/index.php\/pure-health-silifoz-filtre\/#primaryimage\"},\"image\":{\"@id\":\"https:\/\/suylagelensaglik.com\/index.php\/pure-health-silifoz-filtre\/#primaryimage\"},\"thumbnailUrl\":\"https:\/\/suylagelensaglik.com\/wp-content\/uploads\/2021\/06\/20210623_165836-1.jpg\",\"datePublished\":\"2021-05-21T17:33:01+00:00\",\"dateModified\":\"2021-06-24T00:00:59+00:00\",\"description\":\"\u00c7ama\u015f\u0131r ve Bula\u015f\u0131k makineleri i\u00e7in ekonomik kire\u00e7 \u00f6nleyici pure health silifoz filtre. Makinelerinizi kire\u00e7ten koruman\u0131n en ekonomik yolu.\",\"breadcrumb\":{\"@id\":\"https:\/\/suylagelensaglik.com\/index.php\/pure-health-silifoz-filtre\/#breadcrumb\"},\"inLanguage\":\"tr\",\"potentialAction\":[{\"@type\":\"ReadAction\",\"target\":[\"https:\/\/suylagelensaglik.com\/index.php\/pure-health-silifoz-filtre\/\"]}]},{\"@type\":\"ImageObject\",\"inLanguage\":\"tr\",\"@id\":\"https:\/\/suylagelensaglik.com\/index.php\/pure-health-silifoz-filtre\/#primaryimage\",\"url\":\"https:\/\/suylagelensaglik.com\/wp-content\/uploads\/2021\/06\/20210623_165836-1.jpg\",\"contentUrl\":\"https:\/\/suylagelensaglik.com\/wp-content\/uploads\/2021\/06\/20210623_165836-1.jpg\",\"width\":524,\"height\":478,\"caption\":\"Silifoz Filtre\"},{\"@type\":\"BreadcrumbList\",\"@id\":\"https:\/\/suylagelensaglik.com\/index.php\/pure-health-silifoz-filtre\/#breadcrumb\",\"itemListElement\":[{\"@type\":\"ListItem\",\"position\":1,\"name\":\"Home\",\"item\":\"https:\/\/www.suylagelensaglik.com\/\"},{\"@type\":\"ListItem\",\"position\":2,\"name\":\"Pure Health Silifoz Filtre\"}]},{\"@type\":\"WebSite\",\"@id\":\"https:\/\/www.suylagelensaglik.com\/#website\",\"url\":\"https:\/\/www.suylagelensaglik.com\/\",\"name\":\"Pure Health Suyla Gelen Sa\u011fl\u0131k\",\"description\":\"El De\u011fmemi\u015f, Sa\u011fl\u0131kl\u0131 Su\",\"publisher\":{\"@id\":\"https:\/\/www.suylagelensaglik.com\/#organization\"},\"potentialAction\":[{\"@type\":\"SearchAction\",\"target\":{\"@type\":\"EntryPoint\",\"urlTemplate\":\"https:\/\/www.suylagelensaglik.com\/?s={search_term_string}\"},\"query-input\":{\"@type\":\"PropertyValueSpecification\",\"valueRequired\":true,\"valueName\":\"search_term_string\"}}],\"inLanguage\":\"tr\"},{\"@type\":\"Organization\",\"@id\":\"https:\/\/www.suylagelensaglik.com\/#organization\",\"name\":\"SUYLA GELEN SA\u011eLIK\",\"url\":\"https:\/\/www.suylagelensaglik.com\/\",\"logo\":{\"@type\":\"ImageObject\",\"inLanguage\":\"tr\",\"@id\":\"https:\/\/www.suylagelensaglik.com\/#\/schema\/logo\/image\/\",\"url\":\"https:\/\/suylagelensaglik.com\/wp-content\/uploads\/2021\/05\/Miato3.jpg\",\"contentUrl\":\"https:\/\/suylagelensaglik.com\/wp-content\/uploads\/2021\/05\/Miato3.jpg\",\"width\":1024,\"height\":682,\"caption\":\"SUYLA GELEN SA\u011eLIK\"},\"image\":{\"@id\":\"https:\/\/www.suylagelensaglik.com\/#\/schema\/logo\/image\/\"},\"sameAs\":[\"https:\/\/www.facebook.com\/pure_health_official\"]}]}<\/script>\n<!-- \/ Yoast SEO Premium plugin. -->","yoast_head_json":{"title":"Pure Health Silifoz Filtre | Pure Health Suyla Gelen Sa\u011fl\u0131k","description":"\u00c7ama\u015f\u0131r ve Bula\u015f\u0131k makineleri i\u00e7in ekonomik kire\u00e7 \u00f6nleyici pure health silifoz filtre. Makinelerinizi kire\u00e7ten koruman\u0131n en ekonomik yolu.","robots":{"index":"index","follow":"follow","max-snippet":"max-snippet:-1","max-image-preview":"max-image-preview:large","max-video-preview":"max-video-preview:-1"},"canonical":"https:\/\/suylagelensaglik.com\/index.php\/pure-health-silifoz-filtre\/","og_locale":"tr_TR","og_type":"article","og_title":"Pure Health Silifoz Filtre","og_description":"\u00c7ama\u015f\u0131r ve Bula\u015f\u0131k makineleri i\u00e7in ekonomik kire\u00e7 \u00f6nleyici pure health silifoz filtre. Makinelerinizi kire\u00e7ten koruman\u0131n en ekonomik yolu.","og_url":"https:\/\/suylagelensaglik.com\/index.php\/pure-health-silifoz-filtre\/","og_site_name":"Pure Health Suyla Gelen Sa\u011fl\u0131k","article_publisher":"https:\/\/www.facebook.com\/pure_health_official","article_modified_time":"2021-06-24T00:00:59+00:00","og_image":[{"width":524,"height":478,"url":"https:\/\/suylagelensaglik.com\/wp-content\/uploads\/2021\/06\/20210623_165836-1.jpg","type":"image\/jpeg"}],"twitter_card":"summary_large_image","twitter_misc":{"Tahmini okuma s\u00fcresi":"1 dakika"},"schema":{"@context":"https:\/\/schema.org","@graph":[{"@type":"WebPage","@id":"https:\/\/suylagelensaglik.com\/index.php\/pure-health-silifoz-filtre\/","url":"https:\/\/suylagelensaglik.com\/index.php\/pure-health-silifoz-filtre\/","name":"Pure Health Silifoz Filtre | Pure Health Suyla Gelen Sa\u011fl\u0131k","isPartOf":{"@id":"https:\/\/www.suylagelensaglik.com\/#website"},"primaryImageOfPage":{"@id":"https:\/\/suylagelensaglik.com\/index.php\/pure-health-silifoz-filtre\/#primaryimage"},"image":{"@id":"https:\/\/suylagelensaglik.com\/index.php\/pure-health-silifoz-filtre\/#primaryimage"},"thumbnailUrl":"https:\/\/suylagelensaglik.com\/wp-content\/uploads\/2021\/06\/20210623_165836-1.jpg","datePublished":"2021-05-21T17:33:01+00:00","dateModified":"2021-06-24T00:00:59+00:00","description":"\u00c7ama\u015f\u0131r ve Bula\u015f\u0131k makineleri i\u00e7in ekonomik kire\u00e7 \u00f6nleyici pure health silifoz filtre. Makinelerinizi kire\u00e7ten koruman\u0131n en ekonomik yolu.","breadcrumb":{"@id":"https:\/\/suylagelensaglik.com\/index.php\/pure-health-silifoz-filtre\/#breadcrumb"},"inLanguage":"tr","potentialAction":[{"@type":"ReadAction","target":["https:\/\/suylagelensaglik.com\/index.php\/pure-health-silifoz-filtre\/"]}]},{"@type":"ImageObject","inLanguage":"tr","@id":"https:\/\/suylagelensaglik.com\/index.php\/pure-health-silifoz-filtre\/#primaryimage","url":"https:\/\/suylagelensaglik.com\/wp-content\/uploads\/2021\/06\/20210623_165836-1.jpg","contentUrl":"https:\/\/suylagelensaglik.com\/wp-content\/uploads\/2021\/06\/20210623_165836-1.jpg","width":524,"height":478,"caption":"Silifoz Filtre"},{"@type":"BreadcrumbList","@id":"https:\/\/suylagelensaglik.com\/index.php\/pure-health-silifoz-filtre\/#breadcrumb","itemListElement":[{"@type":"ListItem","position":1,"name":"Home","item":"https:\/\/www.suylagelensaglik.com\/"},{"@type":"ListItem","position":2,"name":"Pure Health Silifoz Filtre"}]},{"@type":"WebSite","@id":"https:\/\/www.suylagelensaglik.com\/#website","url":"https:\/\/www.suylagelensaglik.com\/","name":"Pure Health Suyla Gelen Sa\u011fl\u0131k","description":"El De\u011fmemi\u015f, Sa\u011fl\u0131kl\u0131 Su","publisher":{"@id":"https:\/\/www.suylagelensaglik.com\/#organization"},"potentialAction":[{"@type":"SearchAction","target":{"@type":"EntryPoint","urlTemplate":"https:\/\/www.suylagelensaglik.com\/?s={search_term_string}"},"query-input":{"@type":"PropertyValueSpecification","valueRequired":true,"valueName":"search_term_string"}}],"inLanguage":"tr"},{"@type":"Organization","@id":"https:\/\/www.suylagelensaglik.com\/#organization","name":"SUYLA GELEN SA\u011eLIK","url":"https:\/\/www.suylagelensaglik.com\/","logo":{"@type":"ImageObject","inLanguage":"tr","@id":"https:\/\/www.suylagelensaglik.com\/#\/schema\/logo\/image\/","url":"https:\/\/suylagelensaglik.com\/wp-content\/uploads\/2021\/05\/Miato3.jpg","contentUrl":"https:\/\/suylagelensaglik.com\/wp-content\/uploads\/2021\/05\/Miato3.jpg","width":1024,"height":682,"caption":"SUYLA GELEN SA\u011eLIK"},"image":{"@id":"https:\/\/www.suylagelensaglik.com\/#\/schema\/logo\/image\/"},"sameAs":["https:\/\/www.facebook.com\/pure_health_official"]}]}},"_links":{"self":[{"href":"https:\/\/suylagelensaglik.com\/index.php\/wp-json\/wp\/v2\/pages\/538","targetHints":{"allow":["GET"]}}],"collection":[{"href":"https:\/\/suylagelensaglik.com\/index.php\/wp-json\/wp\/v2\/pages"}],"about":[{"href":"https:\/\/suylagelensaglik.com\/index.php\/wp-json\/wp\/v2\/types\/page"}],"author":[{"embeddable":true,"href":"https:\/\/suylagelensaglik.com\/index.php\/wp-json\/wp\/v2\/users\/1"}],"replies":[{"embeddable":true,"href":"https:\/\/suylagelensaglik.com\/index.php\/wp-json\/wp\/v2\/comments?post=538"}],"version-history":[{"count":5,"href":"https:\/\/suylagelensaglik.com\/index.php\/wp-json\/wp\/v2\/pages\/538\/revisions"}],"predecessor-version":[{"id":849,"href":"https:\/\/suylagelensaglik.com\/index.php\/wp-json\/wp\/v2\/pages\/538\/revisions\/849"}],"wp:featuredmedia":[{"embeddable":true,"href":"https:\/\/suylagelensaglik.com\/index.php\/wp-json\/wp\/v2\/media\/851"}],"wp:attachment":[{"href":"https:\/\/suylagelensaglik.com\/index.php\/wp-json\/wp\/v2\/media?parent=538"}],"curies":[{"name":"wp","href":"https:\/\/api.w.org\/{rel}","templated":true}]}}