{"id":622,"date":"2021-05-23T00:52:38","date_gmt":"2021-05-22T21:52:38","guid":{"rendered":"https:\/\/suylagelensaglik.com\/?page_id=622"},"modified":"2021-06-04T12:39:10","modified_gmt":"2021-06-04T09:39:10","slug":"bizim-icin-calismak-ister-misiniz","status":"publish","type":"page","link":"https:\/\/suylagelensaglik.com\/index.php\/bizim-icin-calismak-ister-misiniz\/","title":{"rendered":"B\u0130Z\u0130MLE \u00c7ALI\u015eMAK \u0130STER M\u0130S\u0130N\u0130Z?"},"content":{"rendered":"\n<p id=\"block-ac20732b-3d63-4175-a170-3443649417cf\">T\u00fcrkiye&#8217;de ve d\u00fcnyada g\u00fcn\u00fcm\u00fcz\u00fcn y\u00fckselen de\u011feri su. \u00d6yle ki k\u0131sa bir s\u00fcre i\u00e7erisinde petrol sava\u015flar\u0131 yerini su sava\u015flar\u0131na b\u0131rakacak. Bunlar ya\u015fanmadan \u00f6nce bizimle bir yol arkada\u015fl\u0131\u011f\u0131 tesis etmek i\u00e7in, bizimle mutlaka ileti\u015fime ge\u00e7in. Gelin bu yolda beraber y\u00fcr\u00fcyelim.<\/p>\n\n\n\n<p>Ekibimize kat\u0131lacak, sosyal, motivasyonu y\u00fcksek, insan sa\u011fl\u0131\u011f\u0131n\u0131 \u00f6nemseyen, kendine g\u00fcvenen arkada\u015flar ar\u0131yoruz.  <\/p>\n\n\n\n<p id=\"block-27f6a9f7-398d-47de-8774-fa25b2aa3627\"><strong>\u0130nsan Kaynaklar\u0131 -Tolga KARADUMAN -> tolga@suylagelensaglik.com<\/strong><\/p>\n\n\n\n<h2 class=\"wp-block-heading\"><\/h2>\n","protected":false},"excerpt":{"rendered":"<p>T\u00fcrkiye&#8217;de ve d\u00fcnyada g\u00fcn\u00fcm\u00fcz\u00fcn y\u00fckselen de\u011feri su. \u00d6yle ki k\u0131sa bir s\u00fcre i\u00e7erisinde petrol sava\u015flar\u0131 yerini su sava\u015flar\u0131na b\u0131rakacak. Bunlar ya\u015fanmadan \u00f6nce bizimle bir yol arkada\u015fl\u0131\u011f\u0131 tesis etmek i\u00e7in, bizimle mutlaka ileti\u015fime ge\u00e7in. Gelin bu yolda beraber y\u00fcr\u00fcyelim. Ekibimize kat\u0131lacak, sosyal, motivasyonu y\u00fcksek, insan sa\u011fl\u0131\u011f\u0131n\u0131 \u00f6nemseyen, kendine g\u00fcvenen arkada\u015flar ar\u0131yoruz. \u0130nsan Kaynaklar\u0131 -Tolga KARADUMAN -> &#8230;<\/p>\n","protected":false},"author":1,"featured_media":0,"parent":0,"menu_order":0,"comment_status":"closed","ping_status":"closed","template":"","meta":{"footnotes":""},"class_list":["post-622","page","type-page","status-publish","hentry"],"yoast_head":"<!-- This site is optimized with the Yoast SEO Premium plugin v20.5 (Yoast SEO v27.0) - https:\/\/yoast.com\/product\/yoast-seo-premium-wordpress\/ -->\n<title>B\u0130Z\u0130MLE \u00c7ALI\u015eMAK \u0130STER M\u0130S\u0130N\u0130Z? | Pure Health Suyla Gelen Sa\u011fl\u0131k<\/title>\n<meta name=\"robots\" content=\"index, follow, max-snippet:-1, max-image-preview:large, max-video-preview:-1\" \/>\n<link rel=\"canonical\" href=\"https:\/\/www.suylagelensaglik.com\/index.php\/bizim-icin-calismak-ister-misiniz\/\" \/>\n<meta property=\"og:locale\" content=\"tr_TR\" \/>\n<meta property=\"og:type\" content=\"article\" \/>\n<meta property=\"og:title\" content=\"B\u0130Z\u0130MLE \u00c7ALI\u015eMAK \u0130STER M\u0130S\u0130N\u0130Z?\" \/>\n<meta property=\"og:description\" content=\"T\u00fcrkiye&#8217;de ve d\u00fcnyada g\u00fcn\u00fcm\u00fcz\u00fcn y\u00fckselen de\u011feri su. \u00d6yle ki k\u0131sa bir s\u00fcre i\u00e7erisinde petrol sava\u015flar\u0131 yerini su sava\u015flar\u0131na b\u0131rakacak. Bunlar ya\u015fanmadan \u00f6nce bizimle bir yol arkada\u015fl\u0131\u011f\u0131 tesis etmek i\u00e7in, bizimle mutlaka ileti\u015fime ge\u00e7in. Gelin bu yolda beraber y\u00fcr\u00fcyelim. Ekibimize kat\u0131lacak, sosyal, motivasyonu y\u00fcksek, insan sa\u011fl\u0131\u011f\u0131n\u0131 \u00f6nemseyen, kendine g\u00fcvenen arkada\u015flar ar\u0131yoruz. \u0130nsan Kaynaklar\u0131 -Tolga KARADUMAN -&gt; ...\" \/>\n<meta property=\"og:url\" content=\"https:\/\/www.suylagelensaglik.com\/index.php\/bizim-icin-calismak-ister-misiniz\/\" \/>\n<meta property=\"og:site_name\" content=\"Pure Health Suyla Gelen Sa\u011fl\u0131k\" \/>\n<meta property=\"article:publisher\" content=\"https:\/\/www.facebook.com\/pure_health_official\" \/>\n<meta property=\"article:modified_time\" content=\"2021-06-04T09:39:10+00:00\" \/>\n<meta name=\"twitter:card\" content=\"summary_large_image\" \/>\n<script type=\"application\/ld+json\" class=\"yoast-schema-graph\">{\"@context\":\"https:\/\/schema.org\",\"@graph\":[{\"@type\":\"WebPage\",\"@id\":\"https:\/\/www.suylagelensaglik.com\/index.php\/bizim-icin-calismak-ister-misiniz\/\",\"url\":\"https:\/\/www.suylagelensaglik.com\/index.php\/bizim-icin-calismak-ister-misiniz\/\",\"name\":\"B\u0130Z\u0130MLE \u00c7ALI\u015eMAK \u0130STER M\u0130S\u0130N\u0130Z? | Pure Health Suyla Gelen Sa\u011fl\u0131k\",\"isPartOf\":{\"@id\":\"https:\/\/www.suylagelensaglik.com\/#website\"},\"datePublished\":\"2021-05-22T21:52:38+00:00\",\"dateModified\":\"2021-06-04T09:39:10+00:00\",\"breadcrumb\":{\"@id\":\"https:\/\/www.suylagelensaglik.com\/index.php\/bizim-icin-calismak-ister-misiniz\/#breadcrumb\"},\"inLanguage\":\"tr\",\"potentialAction\":[{\"@type\":\"ReadAction\",\"target\":[\"https:\/\/www.suylagelensaglik.com\/index.php\/bizim-icin-calismak-ister-misiniz\/\"]}]},{\"@type\":\"BreadcrumbList\",\"@id\":\"https:\/\/www.suylagelensaglik.com\/index.php\/bizim-icin-calismak-ister-misiniz\/#breadcrumb\",\"itemListElement\":[{\"@type\":\"ListItem\",\"position\":1,\"name\":\"Home\",\"item\":\"https:\/\/www.suylagelensaglik.com\/\"},{\"@type\":\"ListItem\",\"position\":2,\"name\":\"B\u0130Z\u0130MLE \u00c7ALI\u015eMAK \u0130STER M\u0130S\u0130N\u0130Z?\"}]},{\"@type\":\"WebSite\",\"@id\":\"https:\/\/www.suylagelensaglik.com\/#website\",\"url\":\"https:\/\/www.suylagelensaglik.com\/\",\"name\":\"Pure Health Suyla Gelen Sa\u011fl\u0131k\",\"description\":\"El De\u011fmemi\u015f, Sa\u011fl\u0131kl\u0131 Su\",\"publisher\":{\"@id\":\"https:\/\/www.suylagelensaglik.com\/#organization\"},\"potentialAction\":[{\"@type\":\"SearchAction\",\"target\":{\"@type\":\"EntryPoint\",\"urlTemplate\":\"https:\/\/www.suylagelensaglik.com\/?s={search_term_string}\"},\"query-input\":{\"@type\":\"PropertyValueSpecification\",\"valueRequired\":true,\"valueName\":\"search_term_string\"}}],\"inLanguage\":\"tr\"},{\"@type\":\"Organization\",\"@id\":\"https:\/\/www.suylagelensaglik.com\/#organization\",\"name\":\"SUYLA GELEN SA\u011eLIK\",\"url\":\"https:\/\/www.suylagelensaglik.com\/\",\"logo\":{\"@type\":\"ImageObject\",\"inLanguage\":\"tr\",\"@id\":\"https:\/\/www.suylagelensaglik.com\/#\/schema\/logo\/image\/\",\"url\":\"https:\/\/suylagelensaglik.com\/wp-content\/uploads\/2021\/05\/Miato3.jpg\",\"contentUrl\":\"https:\/\/suylagelensaglik.com\/wp-content\/uploads\/2021\/05\/Miato3.jpg\",\"width\":1024,\"height\":682,\"caption\":\"SUYLA GELEN SA\u011eLIK\"},\"image\":{\"@id\":\"https:\/\/www.suylagelensaglik.com\/#\/schema\/logo\/image\/\"},\"sameAs\":[\"https:\/\/www.facebook.com\/pure_health_official\"]}]}<\/script>\n<!-- \/ Yoast SEO Premium plugin. -->","yoast_head_json":{"title":"B\u0130Z\u0130MLE \u00c7ALI\u015eMAK \u0130STER M\u0130S\u0130N\u0130Z? | Pure Health Suyla Gelen Sa\u011fl\u0131k","robots":{"index":"index","follow":"follow","max-snippet":"max-snippet:-1","max-image-preview":"max-image-preview:large","max-video-preview":"max-video-preview:-1"},"canonical":"https:\/\/www.suylagelensaglik.com\/index.php\/bizim-icin-calismak-ister-misiniz\/","og_locale":"tr_TR","og_type":"article","og_title":"B\u0130Z\u0130MLE \u00c7ALI\u015eMAK \u0130STER M\u0130S\u0130N\u0130Z?","og_description":"T\u00fcrkiye&#8217;de ve d\u00fcnyada g\u00fcn\u00fcm\u00fcz\u00fcn y\u00fckselen de\u011feri su. \u00d6yle ki k\u0131sa bir s\u00fcre i\u00e7erisinde petrol sava\u015flar\u0131 yerini su sava\u015flar\u0131na b\u0131rakacak. Bunlar ya\u015fanmadan \u00f6nce bizimle bir yol arkada\u015fl\u0131\u011f\u0131 tesis etmek i\u00e7in, bizimle mutlaka ileti\u015fime ge\u00e7in. Gelin bu yolda beraber y\u00fcr\u00fcyelim. Ekibimize kat\u0131lacak, sosyal, motivasyonu y\u00fcksek, insan sa\u011fl\u0131\u011f\u0131n\u0131 \u00f6nemseyen, kendine g\u00fcvenen arkada\u015flar ar\u0131yoruz. \u0130nsan Kaynaklar\u0131 -Tolga KARADUMAN -> ...","og_url":"https:\/\/www.suylagelensaglik.com\/index.php\/bizim-icin-calismak-ister-misiniz\/","og_site_name":"Pure Health Suyla Gelen Sa\u011fl\u0131k","article_publisher":"https:\/\/www.facebook.com\/pure_health_official","article_modified_time":"2021-06-04T09:39:10+00:00","twitter_card":"summary_large_image","schema":{"@context":"https:\/\/schema.org","@graph":[{"@type":"WebPage","@id":"https:\/\/www.suylagelensaglik.com\/index.php\/bizim-icin-calismak-ister-misiniz\/","url":"https:\/\/www.suylagelensaglik.com\/index.php\/bizim-icin-calismak-ister-misiniz\/","name":"B\u0130Z\u0130MLE \u00c7ALI\u015eMAK \u0130STER M\u0130S\u0130N\u0130Z? | Pure Health Suyla Gelen Sa\u011fl\u0131k","isPartOf":{"@id":"https:\/\/www.suylagelensaglik.com\/#website"},"datePublished":"2021-05-22T21:52:38+00:00","dateModified":"2021-06-04T09:39:10+00:00","breadcrumb":{"@id":"https:\/\/www.suylagelensaglik.com\/index.php\/bizim-icin-calismak-ister-misiniz\/#breadcrumb"},"inLanguage":"tr","potentialAction":[{"@type":"ReadAction","target":["https:\/\/www.suylagelensaglik.com\/index.php\/bizim-icin-calismak-ister-misiniz\/"]}]},{"@type":"BreadcrumbList","@id":"https:\/\/www.suylagelensaglik.com\/index.php\/bizim-icin-calismak-ister-misiniz\/#breadcrumb","itemListElement":[{"@type":"ListItem","position":1,"name":"Home","item":"https:\/\/www.suylagelensaglik.com\/"},{"@type":"ListItem","position":2,"name":"B\u0130Z\u0130MLE \u00c7ALI\u015eMAK \u0130STER M\u0130S\u0130N\u0130Z?"}]},{"@type":"WebSite","@id":"https:\/\/www.suylagelensaglik.com\/#website","url":"https:\/\/www.suylagelensaglik.com\/","name":"Pure Health Suyla Gelen Sa\u011fl\u0131k","description":"El De\u011fmemi\u015f, Sa\u011fl\u0131kl\u0131 Su","publisher":{"@id":"https:\/\/www.suylagelensaglik.com\/#organization"},"potentialAction":[{"@type":"SearchAction","target":{"@type":"EntryPoint","urlTemplate":"https:\/\/www.suylagelensaglik.com\/?s={search_term_string}"},"query-input":{"@type":"PropertyValueSpecification","valueRequired":true,"valueName":"search_term_string"}}],"inLanguage":"tr"},{"@type":"Organization","@id":"https:\/\/www.suylagelensaglik.com\/#organization","name":"SUYLA GELEN SA\u011eLIK","url":"https:\/\/www.suylagelensaglik.com\/","logo":{"@type":"ImageObject","inLanguage":"tr","@id":"https:\/\/www.suylagelensaglik.com\/#\/schema\/logo\/image\/","url":"https:\/\/suylagelensaglik.com\/wp-content\/uploads\/2021\/05\/Miato3.jpg","contentUrl":"https:\/\/suylagelensaglik.com\/wp-content\/uploads\/2021\/05\/Miato3.jpg","width":1024,"height":682,"caption":"SUYLA GELEN SA\u011eLIK"},"image":{"@id":"https:\/\/www.suylagelensaglik.com\/#\/schema\/logo\/image\/"},"sameAs":["https:\/\/www.facebook.com\/pure_health_official"]}]}},"_links":{"self":[{"href":"https:\/\/suylagelensaglik.com\/index.php\/wp-json\/wp\/v2\/pages\/622","targetHints":{"allow":["GET"]}}],"collection":[{"href":"https:\/\/suylagelensaglik.com\/index.php\/wp-json\/wp\/v2\/pages"}],"about":[{"href":"https:\/\/suylagelensaglik.com\/index.php\/wp-json\/wp\/v2\/types\/page"}],"author":[{"embeddable":true,"href":"https:\/\/suylagelensaglik.com\/index.php\/wp-json\/wp\/v2\/users\/1"}],"replies":[{"embeddable":true,"href":"https:\/\/suylagelensaglik.com\/index.php\/wp-json\/wp\/v2\/comments?post=622"}],"version-history":[{"count":14,"href":"https:\/\/suylagelensaglik.com\/index.php\/wp-json\/wp\/v2\/pages\/622\/revisions"}],"predecessor-version":[{"id":809,"href":"https:\/\/suylagelensaglik.com\/index.php\/wp-json\/wp\/v2\/pages\/622\/revisions\/809"}],"wp:attachment":[{"href":"https:\/\/suylagelensaglik.com\/index.php\/wp-json\/wp\/v2\/media?parent=622"}],"curies":[{"name":"wp","href":"https:\/\/api.w.org\/{rel}","templated":true}]}}